 (7/k)/(6/24). Calculate the greatest common divisor of 14 and h.
14
Let u(d) = 4*d**2 - 62*d + 19. Let i be u(17). Suppose i = -47*l + 58*l. What is the greatest common divisor of 319 and l?
11
Let q(f) = 8*f + 155. Let v be q(-16). Let r = 633 - 336. What is the highest common divisor of r and v?
27
Suppose 154*z - 8017 = 3687. What is the greatest common divisor of 412 and z?
4
Let s be (-6)/(-1 - 44/(-56)). Let f be 74*2/s + (-8)/28. Suppose 343 = f*b + 73. What is the greatest common divisor of b and 36?
18
Let o be (-2)/(-8)*2*-96. Let r be 18*(2 + o/9). Let d be ((-182)/8)/(-2 - r/32). What is the highest common divisor of d and 26?
26
Suppose f - 2*r - 5295 = -7*r, -2*f - 4*r + 10578 = 0. Suppose -34*v + 1515 + f = 0. What is the highest common factor of 75 and v?
25
Let r = -4015 + 4366. What is the greatest common factor of r and 364?
13
Suppose -180 = -22*o + 18. Suppose 0 = 3*c + o, s - 35*c - 33 = -32*c. What is the greatest common factor of s and 64?
8
Let t be (6 + -11)*(2 + -3). Suppose 71 = 3*n - 5*w, -t*w + 4*w - 59 = -2*n. Calculate the greatest common factor of n and 24.
8
Let p(j) = 4*j**2 - 2*j - 58. Let d = 347 - 353. Let u be p(d). Calculate the greatest common divisor of 126 and u.
14
Let v be 1/(-3) - 211/(-3). Suppose v = 4*i - 350. Let m = i + -86. What is the highest common divisor of m and 19?
19
Let w(x) = x**2 + 5*x - 6. Let h be w(-6). Suppose h*r = 2*r - 60. Let v = -139 + 184. What is the highest common divisor of r and v?
15
Let b(z) = -9*z + 111. Let p be b(12). Suppose 11*r - 8*r + 59 = 2*y, -p*r = 5*y - 95. What is the highest common factor of y and 88?
22
Let m = -115 - -128. Let z be 1/2 - (1 + m/(-2)). Calculate the greatest common divisor of 138 and z.
6
Suppose 5*r + 23 = 4*w, 5*r + 17 = w - 0*r. Let q be 208 + ((-14)/42)/(w/6). What is the highest common divisor of q and 9?
9
Let t = 45 - 42. Suppose -k + 3*k = n - 84, -k = t*n - 252. Suppose 0 = 6*b + b - n. What is the highest common divisor of b and 96?
12
Suppose 827*q = -2*n + 822*q + 1034, -q = -n + 510. Calculate the highest common factor of 144 and n.
16
Let b = 3572 - 1833. What is the greatest common factor of 185 and b?
37
Suppose 3*o + 6*b - 279 = b, -2*b = -5*o + 496. Suppose a - o = -2*g, -6*g + 290 = 3*a - 4*g. What is the greatest common factor of a and 108?
12
Suppose h + 2*q = 214, h - 83 = q + 122. Suppose -107*j = -103*j - h. What is the highest common divisor of 728 and j?
52
Let z = -8980 + 9062. Calculate the highest common factor of 26 and z.
2
Suppose -6*x + 93 = -3*a, 3*x + 25*a - 22*a = 51. Calculate the greatest common divisor of x and 54.
2
Suppose -19247*l + 19210*l + 205 + 165 = 0. Let g(r) = 5*r**2 - 3*r - 1. Let s be g(-2). What is the greatest common divisor of l and s?
5
Let w(p) = -p**3 - 8*p**2 - 14*p + 2. Let z be w(-7). Suppose z*b - 58*b + 63 = 0. What is the highest common factor of b and 171?
9
Let w = -3400 - -3413. What is the greatest common factor of 4849 and w?
13
Suppose 18*b - 84 = 12*b. Suppose -b*j + 2550 = -4*j. Calculate the greatest common factor of 30 and j.
15
Let a(v) = 2*v**2 - 63*v - 85. Let r be a(33). Let t(u) = u**2 + 8*u + 4. Let f be t(-8). What is the highest common factor of r and f?
2
Let q(i) = 9 + i**2 - 3*i - 4 - 6. Let s = 10 + -4. Let t be q(s). Calculate the highest common divisor of t and 17.
17
Let c(d) = 2*d**2 - 9*d - 109. Let w be c(13). Calculate the highest common divisor of w and 238.
14
Suppose t - 3 = -2*t. Let q(s) = -10*s - 5. Let i be q(-2). Suppose i*z = 11*z + 36. Calculate the highest common factor of z and t.
1
Let x(p) = -p**2 - 12*p + 51. Let v be x(-13). Suppose v*y = 36*y + 384. Calculate the greatest common divisor of y and 24.
24
Suppose 486 + 426 = 4*h. Suppose -12*m + 4005 = 900 - 1455. What is the greatest common factor of m and h?
76
Let f be (-3 + -13)/((-2)/5). Let d = -11478 - -11486. Calculate the greatest common divisor of d and f.
8
Let x = -7559 + 12494. What is the highest common divisor of x and 7?
7
Let t = -4353 + 6721. Calculate the highest common factor of 64 and t.
64
Let u = 5735 + -5378. Calculate the greatest common factor of 105 and u.
21
Let v = 31248 + -28999. Calculate the greatest common divisor of 2595 and v.
173
Suppose -15*x = -32390 + 32210. What is the highest common factor of 64 and x?
4
Suppose q - 33 + 0 = 0. Let m be 418/q*18/4. Calculate the highest common factor of 133 and m.
19
Let i(b) = 2*b**3 - b**2 + 4*b + 1. Let p be i(2). What is the greatest common factor of 237 and p?
3
Suppose -330 = -2*u - 3*u. Let q = -110 + 115. Suppose -q*x + 11*x = 594. Calculate the highest common divisor of x and u.
33
Let k(y) = y**3 + 30*y**2 - 69*y + 11. Let a be k(-32). Let p be (1 - 4) + 23 + -11. What is the greatest common divisor of a and p?
9
Let w = -10369 - -10371. Calculate the highest common factor of w and 974.
2
Suppose 3070 - 16092 = -34*p. Let w = 393 - p. What is the greatest common factor of 130 and w?
10
Let j be ((-7)/((-49)/(-10)))/(-10 + (-3495)/(-350)). What is the greatest common factor of 8875 and j?
25
Let z be 7/((-14)/8)*-1. Let y be -7 + 20 - z*(-4)/(-8). What is the highest common factor of 121 and y?
11
Let p = -13258 + 13288. Let n = -36 + 186. What is the greatest common factor of p and n?
30
Let r be 0 + 4*(-1)/(-4). Suppose -3*c + 5*t - 15 = -4*c, 7 = -3*c - 2*t. Let u be -3 - (-3 + 1 + c). What is the greatest common factor of u and r?
1
Suppose 67 = -6*j + 73. Let i be 2*j + (39 - -180). Calculate the greatest common divisor of i and 52.
13
Suppose 2*s = -3*g + 756, 1493 + 3 = 4*s - 2*g. Let n = -4 + 34. What is the greatest common factor of n and s?
15
Let x = 19124 + -19091. Let b = -133 + 309. Calculate the greatest common divisor of x and b.
11
Let a = -24033 + 26991. Calculate the highest common factor of a and 3.
3
Let a = -69 - -126. Suppose a*k - 54*k - 207 = 0. Let b = k + -61. Calculate the highest common factor of 4 and b.
4
Suppose 0 = 11*r - 38 - 6. Suppose 0 = -r*o + 2*s - s + 134, -s - 168 = -5*o. Let j = o + -10. What is the highest common divisor of j and 6?
6
Suppose 0 = 235*w - 247*w + 108. Calculate the highest common divisor of w and 194.
1
Let s(k) = k**3 + k**2 + k + 250. Let u be s(0). Suppose 0 = 3*j + 2*b - 28, -2*j - 17*b + 23 = -20*b. What is the greatest common factor of j and u?
10
Suppose 3*k - 19*u = -24*u - 14, 0 = -2*u - 8. Suppose k*m - 4*c - 190 = 0, -3*m + 8*c - 10*c + 285 = 0. What is the highest common factor of m and 19?
19
Suppose 0 = -225*a + 221*a + 124. Let r(u) = u - 17. Let l be r(a). Calculate the greatest common factor of l and 4.
2
Let n(x) = -x**2 + 10*x + 34. Let i(s) = -s - 6. Let z be i(-17). Let t be n(z). Let c = t - 19. Calculate the highest common factor of 2 and c.
2
Suppose -446292 - 88668 = 41*f - 131*f. Calculate the highest common factor of 8 and f.
8
Suppose 86*p + 1841 = 6176 + 2545. Let m = 0 - 0. Let a be 100*(m - (0 - 2)). What is the highest common factor of a and p?
40
Suppose -4*k = -k - 621. Suppose 165*o - 47934 + 2670 = o. Calculate the highest common divisor of k and o.
69
Let q(u) = -u**2 + 146*u + 393. Let a be q(35). What is the highest common divisor of 46 and a?
46
Suppose -o = -2*i - 202, -9*o - i + 324 = -1589. Calculate the highest common divisor of 9 and o.
1
Let k(n) = -n**2 - 61*n - 138. Let o be k(-53). What is the highest common divisor of 7007 and o?
143
Suppose s - 2*b = 57, 3*s - 2*b - 78 = 77. Let q = -99 - -99. Suppose 3*y + q*j - 3*j = 39, 3*y + 5*j - 47 = 0. What is the greatest common divisor of y and s?
7
Let p = 26 - 23. Let f be 9*(15/5)/p. Suppose 11*d = f*d + 24. Calculate the greatest common factor of 18 and d.
6
Suppose 0 = -4*l + m + 7, -m = l - 3*m. Suppose 5*y = 5*w + 455, -l*y + 90 + 89 = -w. What is the highest common divisor of y and 8?
8
Let z be -14 + (4 - (-4)/(-2)). Let x = -130 - -137. Let r be ((-12)/x + 0)*126/z. Calculate the greatest common factor of 18 and r.
18
Let a(x) = -x**3 - 6*x**2 - 8*x - 7. Let l = -11 + 6. Let u be a(l). Let o be 9/(((-9)/108)/((-1)/9)). What is the highest common divisor of u and o?
4
Suppose 0 = 4*q + x - 1115, 3*q + 6*x - 7*x - 845 = 0. What is the highest common factor of 770 and q?
70
Suppose -i + 6053 = 5*f, 4*f + 5362 + 12835 = 3*i. What is the 